 -2*z - z + p. Calculate the remainder when 7 is divided by z.
3
Suppose -4*k - 3*t = -8, 0*t - 2*t = 5*k - 10. Suppose -76 = -2*a - k*a. Suppose -a + 6 = -w. What is the remainder when w is divided by 5?
3
Let s = -106 - -176. Suppose 6*j = 8*j + s. Let z = 18 - j. Calculate the remainder when z is divided by 18.
17
Let p be ((-18)/4)/((-1)/2). Suppose 0 = -3*f + p + 27. What is the remainder when 35 is divided by f?
11
Suppose -4*a + u - 3*u + 180 = 0, -3*u = 3*a - 129. Suppose k = -5*l + 89, -3*l + 0*l + k = -a. What is the remainder when l is divided by 9?
8
Suppose -12 = 4*g - 5*t + 235, t = -2*g - 113. Let k = -23 - g. Calculate the remainder when k is divided by 18.
17
Suppose 3*f - 7*f = 0. Suppose -b - b + 12 = f. Calculate the remainder when 17 is divided by b.
5
Suppose 0*q = -2*q. Let r be 2/7 + (-132)/(-28). Suppose q*w = r*w - 40. What is the remainder when 23 is divided by w?
7
Let z = -36 - -26. Let g(y) = -y**2 - 14*y - 2. Let r be g(z). Suppose -6*c = -4*c - r. Calculate the remainder when 36 is divided by c.
17
Suppose -28 = 3*u - 4*i, -u + 6*i = 7*i. Let l be (u + 0)/(-2) + 1. Let f = 25 + l. Calculate the remainder when f is divided by 10.
8
Suppose -12 = -0*c + 2*c. Let z(i) be the first derivative of -i**4/4 - 5*i**3/3 + 3*i**2/2 + 2*i - 1. Calculate the remainder when z(c) is divided by 7.
6
Suppose 18*t - 5*t - 234 = 0. Calculate the remainder when 86 is divided by t.
14
Calculate the remainder when 91 - (-1 - (-4 + 0)) is divided by 6.
4
Let z = 18 + -13. Calculate the remainder when 24 is divided by z.
4
Let s be (-7)/14 + (-2)/(-4). Let a = s - -5. Calculate the remainder when 14 is divided by a.
4
Suppose -3*g + 80 = -2*t + 3*t, -2*g + 36 = 5*t. Calculate the remainder when g is divided by 17.
11
Suppose 0 = -0*s + 5*s - 5. Let p = s + 3. Suppose 9 + 51 = p*g. What is the remainder when 28 is divided by g?
13
Let k = -36 - -120. Let n = k + -48. Suppose 0 = -4*m + m - b + 60, -m + 2*b = -13. Calculate the remainder when n is divided by m.
17
Suppose -85 = 4*l + 63. Calculate the remainder when 6/(-15)*(-3 + l) is divided by 6.
4
Let m = 41 + 15. Calculate the remainder when m is divided by 30.
26
Let s be 0 - 4*(-2 - 1). Let j(f) = f**3 - 15*f**2 - f + 17. Let q be j(15). What is the remainder when 7 is divided by ((-4)/(-6))/(q/s)?
3
Suppose -3*i = -5*i + 24. Calculate the remainder when 19 is divided by i.
7
Suppose -14 - 2 = -b - 4*q, b + 3*q - 17 = 0. Let g(x) = -7*x**3 + x**2 - 1. Let p be g(-1). What is the remainder when b is divided by (1 - 3)*p/(-2)?
6
Suppose 6 = p - 9. Let n = 7 + p. What is the remainder when n is divided by 12?
10
Suppose -2*v + 25 = v + 2*m, -3*v - m = -23. Let q = -13 - -16. What is the remainder when v is divided by q?
1
Let k(q) = -q**3 + 5*q**2 - 3*q + 3. Let u be k(3). Suppose 0 = -2*w + 2*i + 49 - 7, 0 = -4*i - u. What is the remainder when 70 is divided by w?
16
Let l(j) be the second derivative of 0*j**2 - j + 1/6*j**4 + 1/3*j**3 + 0. What is the remainder when l(-4) is divided by 13?
11
Suppose -19 = 2*h + 31. Let a = h - -63. What is the remainder when a is divided by 10?
8
Suppose -2*g + 1 = -1. Let f be (-93)/(-2)*28/21. What is the remainder when ((-2)/(-4))/(g/f) is divided by 11?
9
Suppose -5*t - 1 + 6 = 0. Calculate the remainder when 3 is divided by t.
0
Let l = 63 - 42. Suppose l - 58 = -k. What is the remainder when k is divided by 13?
11
Suppose -20 = 3*i - 380. What is the remainder when i is divided by 31?
27
Suppose -5*g + 8 = -2*o, 9 = 5*o - 3*g - 9. Suppose 5*i - 2 - 38 = 0. Suppose -i = 4*p - 72. Calculate the remainder when p is divided by o.
4
Let o be (-5 - -1)*1/(-2). Suppose -5*f + 38 + o = 0. What is the remainder when 14 is divided by f?
6
Suppose o = f - 3*f + 5, -3 = -3*f. What is the remainder when (-1)/(-2) + (-35)/(-10) is divided by o?
1
Let k(i) = i**2 + i + 2. Let u be k(-3). Suppose -18 = -u*l + 5*l. Let t = -8 + 24. What is the remainder when t is divided by l?
4
Suppose -3*s + 15 = c, 0 = -5*c + c - s + 49. Let y = 2 - -22. What is the remainder when y - (2 + (2 - 3)) is divided by c?
11
Let z be 2*(-4)/(-12)*6. Calculate the remainder when 113 is divided by 58/2 + -4 + z.
26
Suppose 0 = 2*l - 2*y - 32, -2*l + 47 = -0*l + 3*y. Calculate the remainder when l is divided by 11.
8
Let f = -10 + 25. Suppose 3*y - 2*v = 208, -3*v + v - 10 = 0. What is the remainder when 10*3/(45/y) is divided by f?
14
Let a = 259 - 172. Suppose -4*p - u + 128 = 3*u, -5*u = -4*p + 110. Calculate the remainder when a is divided by p.
27
Let t(g) = -g**3 + 2*g**2 + g. Let p be t(-1). Let z(i) = i + p*i - 4 + i + 2*i. What is the remainder when z(6) is divided by 11?
10
Let s = 17 + -10. Suppose 0 = -l - 0*l + s. Suppose 0 = 3*k - 0*k - o - 14, 0 = -2*k - 4*o. What is the remainder when l is divided by k?
3
What is the remainder when 4 is divided by ((-6)/(-8))/((-3)/(-12))?
1
Suppose 2*y = -4*a + 26, 5*a - 3*y - 16 = -0*y. Let v = 22 - a. Let t = v - 8. Calculate the remainder when 25 is divided by t.
7
Suppose -h + 3*s + 16 = 3*h, 0 = -3*h - s + 25. Suppose -5*j + 218 - 13 = 0. Let a = j + -29. Calculate the remainder when a is divided by h.
5
Let v be (-4 - -1) + 7 - 2. Suppose 0 = v*b - 0*b - 10. Let h(a) = -a**3 - 6*a**2 - 6*a + 4. What is the remainder when h(-5) is divided by b?
4
Let v = -6 - -10. Calculate the remainder when 11 is divided by v.
3
Suppose w = 3*n + 1, 4*w + n - 40 = 29. Let d(c) = -c**3 + 15*c**2 + 17*c - 5. What is the remainder when 41 is divided by d(w)?
8
Suppose b = 5*f - 20, b + 3 = 2*f - 2. Let r = f + -7. Let p = r + 12. What is the remainder when 28 is divided by p?
8
Suppose 5*m + 2*o - 182 = 0, -m - 3*o - 18 + 57 = 0. Let l = m + -14. What is the remainder when l is divided by 6?
4
Suppose 4*s = 58 + 2. Let k(m) = 11*m - 2. What is the remainder when k(4) is divided by s?
12
Suppose 27 = -4*n - 9. What is the remainder when 0 + -8*1*-2 is divided by (-6)/4*(n + 3)?
7
Let k(h) = -45*h**2 - 3*h. Let r(x) = 90*x**2 + 7*x. Let z(d) = -5*k(d) - 2*r(d). Calculate the remainder when z(1) is divided by 16.
14
Calculate the remainder when 94 is divided by 144/30*10/2.
22
Let v(d) = -2 - 5*d**3 - 2*d**3 - 2*d**2 + 6*d**3 - 3*d. Let r be v(-2). Suppose -2*k - 84 = -r*k. What is the remainder when k is divided by 11?
9
Let a(y) = 14*y - 2. Let j = 67 - 34. Let f = j - 19. Calculate the remainder when a(2) is divided by f.
12
Let b be 1*(-3 + -1)/(-1). Suppose -b*a - 4 + 36 = 0. What is the remainder when 23 is divided by a?
7
Suppose -p + 49 = 2*p + 5*g, -4*g + 73 = 5*p. Calculate the remainder when 59 is divided by p.
7
Suppose -b = -j - 38, j = 2*b - 18 - 18. What is the remainder when (-902)/(-8) - 10/j is divided by 29?
26
Let u be 87/27 - 4/18. Let m(c) = 5*c**3 - 4*c. Let t(h) = h**3 + h**2 - h. Let v(d) = -m(d) + 4*t(d). Calculate the remainder when v(u) is divided by 4.
1
Suppose 0 = 2*b - 3*b. Let p(l) = -l**3 + l**2 + 4. Let q be p(b). Suppose z - 7 = -5*w, 4*z - 2*w - 2*w = q. Calculate the remainder when z is divided by 2.
0
Let x(h) = -h**3 + 8*h**2 + 4*h. What is the remainder when x(8) is divided by 11?
10
Suppose 6 = d + 1. Suppose 0*t = -d*t + 85. Calculate the remainder when t is divided by (-2 + (-3)/(-2))*-12.
5
Suppose 3*a - 39 + 9 = -4*v, 2*v - 2*a = 8. Calculate the remainder when v is divided by 3.
0
Let v(z) = -z**2 + 11*z - 13. Let n be v(9). Let u = n + 4. What is the remainder when 33 is divided by u?
6
Let k(a) = a**3 - 4*a**2 + 3*a + 1. Calculate the remainder when 62 is divided by k(4).
10
Let a(w) = w + 4. Let g(d) = d**3 - 5*d**2 - d + 2. Let f be g(5). Let x be a(f). What is the remainder when 7 + 0 + 0 + x is divided by 5?
3
Let v(f) = -f. Let l be v(-1). Calculate the remainder when 2 is divided by 4/(-10)*(l + -6).
0
Let r(g) = 4*g**2 - 2*g + 66. Calculate the remainder when r(0) is divided by 25.
16
Let g = -25 - -84. Calculate the remainder when 43 is divided by g/4 + 3/12.
13
Let f(d) = -13*d + 1. Let a be f(-3). Let k = a - 15. Calculate the remainder when k is divided by 2/6 + 38/3.
12
Suppose -2 = -d - 0. Suppose 0 = x + p - 20, d*x - 5*p = 6*x - 81. Suppose -a + 5*a - 40 = 0. What is the remainder when x is divided by a?
9
Let k(s) = -s - 2. Let f be k(-6). Suppose -5*n - 36 = -f*h, -5 = -2*n + 3